4*r - 5*r = 8414. What is the greatest common factor of w and 51?
51
Let d = 83 - 6. Let x be 211 + 11 + 72/8. Calculate the greatest common factor of d and x.
77
Suppose 10*z + 363 + 157 = 0. Let l = -37 - z. Calculate the highest common factor of l and 6.
3
Let q(g) = 14*g + 35. Suppose -7*k - 58 = -86. Let d be q(k). What is the greatest common factor of d and 7?
7
Let v(o) = -2*o**3 + 4*o**2 + 4*o - 5. Let l be v(2). Let a be (-4 - -3 - -44) + l. Let c = a - -14. Calculate the highest common factor of c and 15.
15
Let y be (-42)/(-13)*(4 + 35). Calculate the highest common factor of 19782 and y.
126
Suppose -2*a = h - 57, -30*h = -29*h + 9*a - 36. Calculate the highest common divisor of h and 147.
21
Suppose 16624 = 4*r - 4*k, 2*k - 10319 = -5*r + 10454. What is the highest common divisor of 30 and r?
15
Let u = -208 + 362. Let f be 177/7 - 44/u. What is the greatest common divisor of 200 and f?
25
Suppose -219*z = 21*z + 68829 - 268269. What is the greatest common divisor of z and 9?
3
Suppose 18*z + 10*z - 9996 = 0. Suppose 22*p - 5*p - z = 0. What is the highest common factor of 7 and p?
7
Suppose -6*v = -4*v - 4*v. Suppose v = 5*m + 560 + 660. Let j be m/(-16) + -5 - 2/8. What is the greatest common factor of j and 50?
10
Suppose -13*t = 889 - 1630. Suppose 0 = 4*o + 5*z - 3896, 3*o - 2714 - 185 = 2*z. Calculate the greatest common divisor of t and o.
57
Suppose 4*w + 3 = b - 6, 5*b + 3*w = -1. Suppose -b = -v - x, 5*v - x = v + 9. Let h be (25/(-15))/(v/(-96)). What is the greatest common divisor of 20 and h?
20
Let y be (1 - 1)/(-5) - -98. Let x = -2652 - -2654. What is the highest common factor of y and x?
2
Let d be 426344/120 + 11/(330/4). What is the highest common divisor of 17 and d?
17
Let s be 105/(-1155) - 3962/(-22). Calculate the greatest common divisor of s and 612.
36
Let y(k) = k**2 + 41*k + 12. Let a be y(-27). Let c = 462 + a. Calculate the highest common factor of c and 84.
12
Let g = 3410 - 3234. Calculate the greatest common factor of 374 and g.
22
Suppose -d + 10 + 25 = 3*o, -3*o + 50 = 4*d. Suppose -4*g + 18 = 2*m, g = 4*g + m - 13. What is the highest common factor of o and g?
2
Let j be 8 - (80/(-50))/(12/2490). What is the greatest common factor of j and 16?
4
Suppose -2*v + 123 = -57. Let u(k) = 15*k**3 - 11*k**2 - 6*k + 27. Let c be u(3). Calculate the highest common divisor of c and v.
45
Let x be (-9)/(-36) + (-2)/8. Suppose 5*z + 7 = y - x, y = -2*z. Let l be (2 + -4 + z)/((-2)/6). Calculate the greatest common divisor of 18 and l.
9
Let q = 23947 + -3677. Calculate the greatest common divisor of q and 10.
10
Let w be 99/4 + (-16)/(-64). Suppose 0 = -w*u - 6*u + 651. What is the greatest common divisor of u and 777?
21
Let t = -12075 - -12107. Let b be (-1538)/(-6) + (-1)/3. What is the greatest common divisor of b and t?
32
Let m(n) = 2*n**3 + n**2 - n + 1. Let c be m(2). Let o = -14 + c. Suppose -o*h - 2*i = -59 - 5, 42 = 3*h + 3*i. What is the highest common factor of 6 and h?
6
Let t(s) = 14*s - 1055. Let w be t(84). Calculate the highest common factor of 253 and w.
11
Let q = -6099 - -6273. What is the highest common divisor of 306 and q?
6
Let q be 7/14 + (-411)/2. Let w = -157 - q. What is the highest common divisor of w and 84?
12
Let q = 31 - 23. Suppose q*u - 18 = 590. Calculate the greatest common divisor of u and 608.
76
Let h = 105 + -60. Suppose 7*x - h = -5*c + 4*x, 3*c + 2*x = 28. Let f be ((-15)/(-30))/((-2)/(-120)). What is the greatest common divisor of f and c?
6
Let s(c) = 15*c**2 + 19*c + 12. Let t be s(4). Calculate the highest common factor of t and 287.
41
Let h(i) = -i**3 + 2*i**2 + 2. Let k = -87 - -90. Let x be h(k). Let l(r) = 2*r**2 - 4*r - 9. Let b be l(x). What is the highest common factor of 13 and b?
13
Let k be 1756 + (4 - 12 - -4). What is the greatest common factor of k and 219?
219
Let x = -83459 + 83516. Suppose 5*i - i - p = 4, -2*i + 5*p - 16 = 0. Let m be (i/(-3))/((-4)/114). What is the highest common divisor of x and m?
19
Let d be (2/3*-2)/((-8)/96). Let c be (1344/105)/(2/15). Calculate the greatest common divisor of c and d.
16
Let o(u) = 45*u**2 - 3*u - 6. Let q be o(-4). Suppose 3*k + m = 94, 6*k = 3*k - 3*m + 84. What is the highest common factor of k and q?
33
Let j(p) = -21*p**3 - 25*p**2 + 17*p - 43. Let t be j(-9). Calculate the highest common factor of t and 32.
32
Suppose 0 = 4*r, r - 5 = -2*v + 14 + 25. What is the highest common factor of 110 and v?
22
Suppose 5*u - 3*s = 49, 24*u - 20*u - s = 28. Suppose 4 = w + 2*r - 0*r, w = 2*r - 4. Suppose -d + 20 = -w*d. Calculate the greatest common factor of u and d.
5
Let k be 18 + -15 + (-2 - -174). Suppose 4*p - 222 = -3*n + p, 5*n - 5*p = 330. What is the greatest common divisor of k and n?
35
Suppose -143*z + 4688 = 1248 - 3996. Calculate the greatest common factor of 4 and z.
4
Let n be (-6)/(11 - 12)*(-98)/(-3) - -4. Calculate the highest common divisor of 8900 and n.
100
Let c = 195 - -355. Let q be c/33 - (-2)/(-3). Suppose -3*m + q = -8. Calculate the highest common divisor of m and 8.
8
Suppose 58*c = 63*c - 20. Suppose 12 = 4*p + c. Suppose 4*o - 25 - 23 = 4*q, -4*o - p*q = -18. What is the highest common divisor of o and 35?
7
Let t = -29 - -48. Let w = 67 - t. Suppose 19 = -5*d - c + 96, 2*d - 41 = 3*c. Calculate the highest common divisor of w and d.
16
Suppose -25*m + 37427 = 10477. Calculate the greatest common divisor of m and 44.
22
Suppose 570076 - 72823 = 49*x - 70314. Calculate the greatest common divisor of x and 234.
117
Let a be (24/10 + -4)/((-6)/15). Suppose -7*t + 268 = 4*k - a*t, -2*k + 148 = 5*t. Calculate the greatest common divisor of k and 288.
32
Let q(t) = -2042*t + 327. Let m be q(-2). Calculate the greatest common factor of 11 and m.
11
Suppose -5*h + 314 = 2*z, 211 = 3*h + 2*z + 17. Let b(p) = p**3 - 14*p**2 + p + 11. Let x be b(14). What is the greatest common divisor of h and x?
5
Let q = -105313 - -105324. Let x(k) = 8*k**2 + 3*k - 6. Let m be x(5). Calculate the greatest common divisor of q and m.
11
Suppose -5*t + 150 = 84*z - 79*z, z + 105 = 4*t. Let o(g) = 30*g**3 + 2*g**2 - 4*g + 3. Let j be o(2). What is the greatest common divisor of j and t?
27
Suppose -3 - 173 = -82*q + 316. What is the greatest common factor of q and 14?
2
Let w be (1 - 2 - (-12)/(-3))/((-1315)/6575). Let a(k) = -14*k**3 - 4*k**2 - 3*k - 2. Let u be a(-2). Calculate the highest common factor of w and u.
25
Let u = 18071 + -18019. Calculate the greatest common factor of u and 7787.
13
Suppose -573*b = -548*b - 35817 - 35908. Calculate the greatest common divisor of 19 and b.
19
Suppose -206*s = -213*s + 280. Let r be 14*6*(s/7 + -5). Calculate the highest common divisor of r and 24.
12
Let b(w) = 1441*w - 258. Let k be b(2). Calculate the highest common factor of k and 41.
41
Suppose 3*b + 3*u = 66534, 47*b + 4*u + 88712 = 51*b. What is the highest common divisor of b and 26?
26
Let n(a) = -a**3 + 2*a**2 + 0*a**3 + 5 - 6 + 7*a + 4*a**2. Let u be n(-2). Let q be (2/(-2))/(2/(-34)). What is the highest common divisor of q and u?
17
Let a(l) = 2*l**3 - l + l**2 + 12*l**3 - 3 - 9*l**3 - 28*l**3. Let w be a(-2). What is the greatest common divisor of w and 34?
17
Let b = 228 + -390. Let y = b - -183. Calculate the greatest common divisor of y and 231.
21
Let r = -700 + 815. Calculate the greatest common factor of r and 105.
5
Let y be (-19)/228*-30 + (-1 - (-789)/6). What is the highest common divisor of 16226 and y?
133
Let p(n) = -33*n - 452. Let y be p(-16). What is the highest common divisor of y and 19?
19
Let g(x) = -12*x**2 + 15*x - 98. Let c be g(8). Let t = -730 - c. Calculate the highest common factor of t and 400.
16
Suppose 0 = 27*q + 12*q - 9945. Suppose 155 = 2*f - 5*z, -13*f = -10*f - 3*z - q. Calculate the greatest common factor of 30 and f.
30
Let w be (-5 + 5 + -2)/(15/(-240)). What is the greatest common divisor of w and 7264?
32
Let a(z) = 6*z + 24. Let l be a(-4). Suppose -4*c - 41 = -4*i - c, l = 4*i + c - 29. Suppose -207 = -i*w + 33. What is the highest common factor of w and 6?
6
Let x = 4047 - 2271. Calculate the greatest common factor of 259 and x.
37
Let f = 13610 - 12304. What is the greatest common factor of 10 and f?
2
Let q be (-100 + 22)*(26/(-8) - 1/(-4)). W